{"id":856,"date":"2022-05-24T16:19:16","date_gmt":"2022-05-24T14:19:16","guid":{"rendered":"https:\/\/www.prieure-carcassonne.fr\/?page_id=856"},"modified":"2024-03-08T12:54:58","modified_gmt":"2024-03-08T11:54:58","slug":"nuestra-historia","status":"publish","type":"page","link":"https:\/\/www.prieure-carcassonne.fr\/?page_id=856&lang=es","title":{"rendered":"Nuestra historia"},"content":{"rendered":"\n<div class=\"is-layout-constrained wp-block-group\"><div class=\"wp-block-group__inner-container\">\n<div class=\"is-layout-flex wp-container-4 wp-block-columns alignwide is-style-default\">\n<div class=\"is-layout-flow wp-block-column\" style=\"flex-basis:70%\">\n<figure class=\"is-layout-flex wp-block-gallery-1 wp-block-gallery has-nested-images columns-default is-cropped\">\n<figure class=\"wp-block-image size-large\"><img decoding=\"async\" loading=\"lazy\" width=\"881\" height=\"861\" src=\"https:\/\/www.prieure-carcassonne.fr\/wp-content\/uploads\/2024\/03\/qui-sommes-nous-2.jpg\" alt=\"\" class=\"wp-image-1099\" srcset=\"https:\/\/www.prieure-carcassonne.fr\/wp-content\/uploads\/2024\/03\/qui-sommes-nous-2.jpg 881w, https:\/\/www.prieure-carcassonne.fr\/wp-content\/uploads\/2024\/03\/qui-sommes-nous-2-300x293.jpg 300w, https:\/\/www.prieure-carcassonne.fr\/wp-content\/uploads\/2024\/03\/qui-sommes-nous-2-768x751.jpg 768w\" sizes=\"(max-width: 881px) 100vw, 881px\" \/><\/figure>\n\n\n\n<figure class=\"wp-block-image size-large\"><img decoding=\"async\" loading=\"lazy\" width=\"864\" height=\"886\" src=\"https:\/\/www.prieure-carcassonne.fr\/wp-content\/uploads\/2024\/03\/qui-sommes-nous3-2.jpg\" alt=\"\" class=\"wp-image-1096\" srcset=\"https:\/\/www.prieure-carcassonne.fr\/wp-content\/uploads\/2024\/03\/qui-sommes-nous3-2.jpg 864w, https:\/\/www.prieure-carcassonne.fr\/wp-content\/uploads\/2024\/03\/qui-sommes-nous3-2-293x300.jpg 293w, https:\/\/www.prieure-carcassonne.fr\/wp-content\/uploads\/2024\/03\/qui-sommes-nous3-2-768x788.jpg 768w\" sizes=\"(max-width: 864px) 100vw, 864px\" \/><\/figure>\n\n\n\n<figure class=\"wp-block-image size-large\"><img decoding=\"async\" loading=\"lazy\" width=\"851\" height=\"833\" src=\"https:\/\/www.prieure-carcassonne.fr\/wp-content\/uploads\/2024\/03\/qui-sommes-nous2-1.jpg\" alt=\"\" class=\"wp-image-1087\" srcset=\"https:\/\/www.prieure-carcassonne.fr\/wp-content\/uploads\/2024\/03\/qui-sommes-nous2-1.jpg 851w, https:\/\/www.prieure-carcassonne.fr\/wp-content\/uploads\/2024\/03\/qui-sommes-nous2-1-300x294.jpg 300w, https:\/\/www.prieure-carcassonne.fr\/wp-content\/uploads\/2024\/03\/qui-sommes-nous2-1-768x752.jpg 768w\" sizes=\"(max-width: 851px) 100vw, 851px\" \/><\/figure>\n<\/figure>\n<\/div>\n<\/div>\n<\/div><\/div>\n\n<p>Somos artistas de coraz\u00f3n y apasionados del reciclaje, as\u00ed que desviamos muchos objetos. \u00a1Benoit es un manitas incre\u00edble y Sabrina tiene 1000 ideas por hora! Mientras tanto, Anthony aprende de su padre y nos ayuda si su motivaci\u00f3n adolescente entra en acci\u00f3n&#8230;<\/p>\n\n<p>Casi 10 a\u00f1os de trabajo por nuestra cuenta, auto-renovaci\u00f3n, miles de horas de investigaci\u00f3n, rebuscando en mercadillos, garabateando dibujos y noches sin dormir para conseguir el resultado que ver\u00e1 durante su estancia en Carcasona.<\/p>\n\n<div class=\"is-layout-flow wp-block-group alignwide\"><div class=\"wp-block-group__inner-container\">\n<h3 class=\"has-text-align-center\">ANTES<\/h3>\n\n\n\n<div class=\"is-layout-flex wp-container-9 wp-block-columns alignwide is-not-stacked-on-mobile\">\n<div class=\"is-layout-flow wp-block-column is-vertically-aligned-center\" style=\"flex-basis:15%\"><div class=\"wp-block-image\">\n<figure class=\"alignright size-full\"><img decoding=\"async\" loading=\"lazy\" width=\"324\" height=\"215\" src=\"https:\/\/www.prieure-carcassonne.fr\/wp-content\/uploads\/2022\/06\/arabesque@2x.png\" alt=\"\" class=\"wp-image-199\" srcset=\"https:\/\/www.prieure-carcassonne.fr\/wp-content\/uploads\/2022\/06\/arabesque@2x.png 324w, https:\/\/www.prieure-carcassonne.fr\/wp-content\/uploads\/2022\/06\/arabesque@2x-300x199.png 300w\" sizes=\"(max-width: 324px) 100vw, 324px\" \/><\/figure><\/div><\/div>\n\n\n\n<div class=\"is-layout-flow wp-block-column is-vertically-aligned-top\" style=\"flex-basis:45%\">\n<figure class=\"wp-block-image size-large\"><img decoding=\"async\" loading=\"lazy\" width=\"1024\" height=\"851\" src=\"https:\/\/www.prieure-carcassonne.fr\/wp-content\/uploads\/2022\/08\/histoire_jardin-1024x851.png\" alt=\"\" class=\"wp-image-531\" srcset=\"https:\/\/www.prieure-carcassonne.fr\/wp-content\/uploads\/2022\/08\/histoire_jardin-1024x851.png 1024w, https:\/\/www.prieure-carcassonne.fr\/wp-content\/uploads\/2022\/08\/histoire_jardin-300x249.png 300w, https:\/\/www.prieure-carcassonne.fr\/wp-content\/uploads\/2022\/08\/histoire_jardin-768x638.png 768w, https:\/\/www.prieure-carcassonne.fr\/wp-content\/uploads\/2022\/08\/histoire_jardin-1536x1276.png 1536w, https:\/\/www.prieure-carcassonne.fr\/wp-content\/uploads\/2022\/08\/histoire_jardin-1568x1302.png 1568w, https:\/\/www.prieure-carcassonne.fr\/wp-content\/uploads\/2022\/08\/histoire_jardin.png 1588w\" sizes=\"(max-width: 1024px) 100vw, 1024px\" \/><\/figure>\n\n\n\n<figure class=\"wp-block-image size-large rotate-img\"><img decoding=\"async\" loading=\"lazy\" width=\"1024\" height=\"851\" src=\"https:\/\/www.prieure-carcassonne.fr\/wp-content\/uploads\/2022\/08\/histoire_presbytere-1024x851.png\" alt=\"\" class=\"wp-image-534\" srcset=\"https:\/\/www.prieure-carcassonne.fr\/wp-content\/uploads\/2022\/08\/histoire_presbytere-1024x851.png 1024w, https:\/\/www.prieure-carcassonne.fr\/wp-content\/uploads\/2022\/08\/histoire_presbytere-300x249.png 300w, https:\/\/www.prieure-carcassonne.fr\/wp-content\/uploads\/2022\/08\/histoire_presbytere-768x638.png 768w, https:\/\/www.prieure-carcassonne.fr\/wp-content\/uploads\/2022\/08\/histoire_presbytere-1536x1276.png 1536w, https:\/\/www.prieure-carcassonne.fr\/wp-content\/uploads\/2022\/08\/histoire_presbytere-1568x1302.png 1568w, https:\/\/www.prieure-carcassonne.fr\/wp-content\/uploads\/2022\/08\/histoire_presbytere.png 1588w\" sizes=\"(max-width: 1024px) 100vw, 1024px\" \/><\/figure>\n<\/div>\n\n\n\n<div class=\"is-layout-flow wp-block-column is-vertically-aligned-top\" style=\"flex-basis:40%\"><div class=\"wp-block-image\">\n<figure class=\"alignleft size-large is-resized\"><img decoding=\"async\" loading=\"lazy\" src=\"https:\/\/www.prieure-carcassonne.fr\/wp-content\/uploads\/2022\/08\/histoire_couvent-753x1024.png\" alt=\"\" class=\"wp-image-533\" width=\"316\" height=\"431\" srcset=\"https:\/\/www.prieure-carcassonne.fr\/wp-content\/uploads\/2022\/08\/histoire_couvent-753x1024.png 753w, https:\/\/www.prieure-carcassonne.fr\/wp-content\/uploads\/2022\/08\/histoire_couvent-221x300.png 221w, https:\/\/www.prieure-carcassonne.fr\/wp-content\/uploads\/2022\/08\/histoire_couvent-768x1044.png 768w, https:\/\/www.prieure-carcassonne.fr\/wp-content\/uploads\/2022\/08\/histoire_couvent.png 773w\" sizes=\"(max-width: 316px) 100vw, 316px\" \/><\/figure><\/div>\n\n<div class=\"wp-block-image\">\n<figure class=\"alignleft size-full is-resized\"><img decoding=\"async\" loading=\"lazy\" src=\"https:\/\/www.prieure-carcassonne.fr\/wp-content\/uploads\/2022\/06\/arabesque2@2x-1.png\" alt=\"\" class=\"wp-image-203\" width=\"256\" height=\"168\" srcset=\"https:\/\/www.prieure-carcassonne.fr\/wp-content\/uploads\/2022\/06\/arabesque2@2x-1.png 511w, https:\/\/www.prieure-carcassonne.fr\/wp-content\/uploads\/2022\/06\/arabesque2@2x-1-300x197.png 300w\" sizes=\"(max-width: 256px) 100vw, 256px\" \/><\/figure><\/div><\/div>\n<\/div>\n<\/div><\/div>\n\n<div class=\"is-layout-flex wp-container-15 wp-block-columns alignfull no-margin no-gap\">\n<div class=\"is-layout-flow wp-block-column has-background\" style=\"background-color:#c39b4d\">\n<div class=\"is-layout-flow wp-block-group\"><div class=\"wp-block-group__inner-container\">\n<h2 class=\"has-white-color has-text-color\">EL PRESB\u00cdTERO<\/h2>\n\n\n\n<p class=\"has-white-color has-text-color\">Este edificio data de 1650. Estaba adosada al priorato, nuestra casa, que data de 1460 y cuyos cimientos se remontan a Carlomagno.<br\/>El cuarto de ba\u00f1o de la planta baja sol\u00eda ser un peque\u00f1o patio que conten\u00eda el pozo que se ve en la ducha.<br\/>Estas dos casas estaban conectadas por la escalera actual, donde se puede ver la abertura arqueada.  <\/p>\n\n\n\n<p class=\"has-white-color has-text-color\"><strong>Te contaremos m\u00e1s, \u00a1pero es un secreto!<\/strong><\/p>\n<\/div><\/div>\n<\/div>\n\n\n\n<div class=\"is-layout-flow wp-block-column has-background\" style=\"background-color:#5e2320\">\n<div class=\"is-layout-flow wp-block-group\"><div class=\"wp-block-group__inner-container\">\n<h2 class=\"has-white-color has-text-color\">LA PORTADA<\/h2>\n\n\n\n<p class=\"has-white-color has-text-color\">Este edificio data de 1877. Fue el hogar de 19 monjas benedictinas de la Sagrada Familia hasta la d\u00e9cada de 1960. y luego se convirti\u00f3 en una cooperativa de seguros para agricultores.<br\/>Abandonada en la d\u00e9cada de 2000&#8230;<br\/>La capilla perdi\u00f3 su altar, que sustituimos por una ba\u00f1era. La vidriera original es una joya que intentamos conservar. No olvides mirar hacia arriba.<\/p>\n\n\n\n<p class=\"has-white-color has-text-color\"><strong>Le contaremos todo sobre el pasado&#8230;  <\/strong><\/p>\n<\/div><\/div>\n<\/div>\n<\/div>\n\n<div class=\"is-layout-flow wp-block-group alignwide\"><div class=\"wp-block-group__inner-container\">\n<h3 class=\"has-text-align-center\"><strong>DESPU\u00c9S DE<\/strong><\/h3>\n\n\n\n<div class=\"is-layout-flex wp-container-19 wp-block-columns alignwide is-not-stacked-on-mobile is-style-default\">\n<div class=\"is-layout-flow wp-block-column\" style=\"flex-basis:15%\"><div class=\"wp-block-image\">\n<figure class=\"alignright size-full\"><img decoding=\"async\" loading=\"lazy\" width=\"324\" height=\"215\" src=\"https:\/\/www.prieure-carcassonne.fr\/wp-content\/uploads\/2022\/06\/arabesque@2x.png\" alt=\"\" class=\"wp-image-199\" srcset=\"https:\/\/www.prieure-carcassonne.fr\/wp-content\/uploads\/2022\/06\/arabesque@2x.png 324w, https:\/\/www.prieure-carcassonne.fr\/wp-content\/uploads\/2022\/06\/arabesque@2x-300x199.png 300w\" sizes=\"(max-width: 324px) 100vw, 324px\" \/><\/figure><\/div><\/div>\n\n\n\n<div class=\"is-layout-flow wp-block-column\" style=\"flex-basis:45%\">\n<figure class=\"wp-block-image size-large\"><img decoding=\"async\" loading=\"lazy\" width=\"1024\" height=\"851\" src=\"https:\/\/www.prieure-carcassonne.fr\/wp-content\/uploads\/2022\/08\/histoire_jardin2-1024x851.png\" alt=\"\" class=\"wp-image-535\" srcset=\"https:\/\/www.prieure-carcassonne.fr\/wp-content\/uploads\/2022\/08\/histoire_jardin2-1024x851.png 1024w, https:\/\/www.prieure-carcassonne.fr\/wp-content\/uploads\/2022\/08\/histoire_jardin2-300x249.png 300w, https:\/\/www.prieure-carcassonne.fr\/wp-content\/uploads\/2022\/08\/histoire_jardin2-768x638.png 768w, https:\/\/www.prieure-carcassonne.fr\/wp-content\/uploads\/2022\/08\/histoire_jardin2-1536x1276.png 1536w, https:\/\/www.prieure-carcassonne.fr\/wp-content\/uploads\/2022\/08\/histoire_jardin2-1568x1302.png 1568w, https:\/\/www.prieure-carcassonne.fr\/wp-content\/uploads\/2022\/08\/histoire_jardin2.png 1588w\" sizes=\"(max-width: 1024px) 100vw, 1024px\" \/><\/figure>\n\n\n\n<figure class=\"wp-block-image size-large rotate-img\"><img decoding=\"async\" loading=\"lazy\" width=\"1024\" height=\"851\" src=\"https:\/\/www.prieure-carcassonne.fr\/wp-content\/uploads\/2022\/08\/histoire_presbytere2-1024x851.png\" alt=\"\" class=\"wp-image-537\" srcset=\"https:\/\/www.prieure-carcassonne.fr\/wp-content\/uploads\/2022\/08\/histoire_presbytere2-1024x851.png 1024w, https:\/\/www.prieure-carcassonne.fr\/wp-content\/uploads\/2022\/08\/histoire_presbytere2-300x249.png 300w, https:\/\/www.prieure-carcassonne.fr\/wp-content\/uploads\/2022\/08\/histoire_presbytere2-768x638.png 768w, https:\/\/www.prieure-carcassonne.fr\/wp-content\/uploads\/2022\/08\/histoire_presbytere2-1536x1276.png 1536w, https:\/\/www.prieure-carcassonne.fr\/wp-content\/uploads\/2022\/08\/histoire_presbytere2-1568x1302.png 1568w, https:\/\/www.prieure-carcassonne.fr\/wp-content\/uploads\/2022\/08\/histoire_presbytere2.png 1588w\" sizes=\"(max-width: 1024px) 100vw, 1024px\" \/><\/figure>\n<\/div>\n\n\n\n<div class=\"is-layout-flow wp-block-column\" style=\"flex-basis:40%\"><div class=\"wp-block-image\">\n<figure class=\"alignleft size-large is-resized\"><img decoding=\"async\" loading=\"lazy\" src=\"https:\/\/www.prieure-carcassonne.fr\/wp-content\/uploads\/2022\/08\/histoire_couvent2-753x1024.png\" alt=\"\" class=\"wp-image-536\" width=\"311\" height=\"424\" srcset=\"https:\/\/www.prieure-carcassonne.fr\/wp-content\/uploads\/2022\/08\/histoire_couvent2-753x1024.png 753w, https:\/\/www.prieure-carcassonne.fr\/wp-content\/uploads\/2022\/08\/histoire_couvent2-221x300.png 221w, https:\/\/www.prieure-carcassonne.fr\/wp-content\/uploads\/2022\/08\/histoire_couvent2-768x1044.png 768w, https:\/\/www.prieure-carcassonne.fr\/wp-content\/uploads\/2022\/08\/histoire_couvent2.png 773w\" sizes=\"(max-width: 311px) 100vw, 311px\" \/><\/figure><\/div>\n\n<div class=\"wp-block-image\">\n<figure class=\"alignleft size-full is-resized\"><img decoding=\"async\" loading=\"lazy\" src=\"https:\/\/www.prieure-carcassonne.fr\/wp-content\/uploads\/2022\/06\/arabesque2@2x-1.png\" alt=\"\" class=\"wp-image-203\" width=\"256\" height=\"168\" srcset=\"https:\/\/www.prieure-carcassonne.fr\/wp-content\/uploads\/2022\/06\/arabesque2@2x-1.png 511w, https:\/\/www.prieure-carcassonne.fr\/wp-content\/uploads\/2022\/06\/arabesque2@2x-1-300x197.png 300w\" sizes=\"(max-width: 256px) 100vw, 256px\" \/><\/figure><\/div><\/div>\n<\/div>\n<\/div><\/div>\n\n<div class=\"is-layout-flex wp-container-22 wp-block-columns alignfull\">\n<div class=\"is-layout-flow wp-block-column\">\n<figure class=\"wp-block-image alignfull size-large no-margin parallax-container\"><img decoding=\"async\" loading=\"lazy\" width=\"1024\" height=\"683\" src=\"https:\/\/www.prieure-carcassonne.fr\/wp-content\/uploads\/2024\/03\/DSC2188-1024x683.jpg\" alt=\"\" class=\"wp-image-1066\" srcset=\"https:\/\/www.prieure-carcassonne.fr\/wp-content\/uploads\/2024\/03\/DSC2188-1024x683.jpg 1024w, https:\/\/www.prieure-carcassonne.fr\/wp-content\/uploads\/2024\/03\/DSC2188-300x200.jpg 300w, https:\/\/www.prieure-carcassonne.fr\/wp-content\/uploads\/2024\/03\/DSC2188-768x513.jpg 768w, https:\/\/www.prieure-carcassonne.fr\/wp-content\/uploads\/2024\/03\/DSC2188-1536x1025.jpg 1536w, https:\/\/www.prieure-carcassonne.fr\/wp-content\/uploads\/2024\/03\/DSC2188-2048x1367.jpg 2048w, https:\/\/www.prieure-carcassonne.fr\/wp-content\/uploads\/2024\/03\/DSC2188-1568x1046.jpg 1568w\" sizes=\"(max-width: 1024px) 100vw, 1024px\" \/><\/figure>\n<\/div>\n<\/div>\n\n<div class=\"is-layout-flex wp-container-26 wp-block-columns alignfull is-not-stacked-on-mobile is-style-default no-margin no-padding-gap has-white-background-color has-background\">\n<div class=\"is-layout-flow wp-block-column\" style=\"flex-basis:66.66%\">\n<div class=\"is-layout-flow wp-block-group alignfull group-eco has-background\" style=\"background-color:#f8f5ed\"><div class=\"wp-block-group__inner-container\">\n<h2 class=\"no-side-margin has-text-color\" style=\"color:#5e2320\"><strong>ENFOQUE ECORRESPONSABLE<\/strong><\/h2>\n\n\n\n<p class=\"no-side-margin\">Llevamos m\u00e1s de 20 a\u00f1os comprometidos con un planteamiento responsable con el medio ambiente.<br\/>  Nuestro objetivo es reducir al m\u00e1ximo los residuos. Obviamente, no somos perfectos, pero todo ayuda.<\/p>\n\n\n\n<p class=\"no-side-margin\">  Para acompa\u00f1arle en este viaje y dar sus primeros pasos hacia la basura cero, o continuar su propio camino, ponemos a su disposici\u00f3n :  <br\/>&#8211; A petici\u00f3n: bolsas de la compra, bolsas a granel y contenedores&#8230;  <br\/>&#8211; En tu casa: esponjas lavables o totalmente reciclables, detergente ecol\u00f3gico o de fabricaci\u00f3n casera. Fabricamos detergente en polvo, pastillas para lavavajillas y gel de ducha sin t\u00f3xicos&#8230;<\/p>\n\n\n\n<p class=\"no-side-margin has-background\" style=\"background-color:#f8f5ed\"> <strong>Estas son algunas de las medidas que ya se han puesto en marcha:  <\/strong><br\/>&#8211; gesti\u00f3n responsable de la energ\u00eda y el agua  <br\/>&#8211; Cero pesticidas en nuestro jard\u00edn y alimentamos a p\u00e1jaros, erizos y ardillas<br\/>&#8211; Cero productos t\u00f3xicos, incluidos los dom\u00e9sticos. Fabricamos nuestros propios limpiadores multisuperficies y geles de ba\u00f1o. El papel higi\u00e9nico se elige por su embalaje m\u00ednimo y su producci\u00f3n respetuosa con el medio ambiente.  <br\/>&#8211; Compramos la carne, la fruta y la verdura a productores locales, sin envasar y lo m\u00e1s ecol\u00f3gicas posible. Cultivamos algunas verduras y hierbas en el huerto y tenemos gallinas.<br\/>&#8211; El 95% de nuestras comidas son caseras (yogures, boller\u00eda, salsas y platos varios&#8230; excepto la boller\u00eda, \u00a1porque no podemos igualar el nivel de nuestro panadero!) Nos adaptamos a todas las dietas (sin gluten, sin lactosa, vegana&#8230;).<br\/>&#8211; Clasificaci\u00f3n y recuperaci\u00f3n de residuos  <br\/>&#8211; Secador solar  <\/p>\n<\/div><\/div>\n<\/div>\n\n\n\n<div class=\"is-layout-flow wp-block-column is-vertically-aligned-center\" style=\"flex-basis:33.33%\"><div class=\"wp-block-image soap-pic \">\n<figure class=\"aligncenter size-full\"><img decoding=\"async\" loading=\"lazy\" width=\"748\" height=\"1032\" src=\"https:\/\/www.prieure-carcassonne.fr\/wp-content\/uploads\/2022\/06\/348187353@2x.png\" alt=\"\" class=\"wp-image-224\" srcset=\"https:\/\/www.prieure-carcassonne.fr\/wp-content\/uploads\/2022\/06\/348187353@2x.png 748w, https:\/\/www.prieure-carcassonne.fr\/wp-content\/uploads\/2022\/06\/348187353@2x-217x300.png 217w, https:\/\/www.prieure-carcassonne.fr\/wp-content\/uploads\/2022\/06\/348187353@2x-742x1024.png 742w\" sizes=\"(max-width: 748px) 100vw, 748px\" \/><\/figure><\/div><\/div>\n<\/div>\n<div><\/div>","protected":false},"excerpt":{"rendered":"<p>Somos artistas de coraz\u00f3n y apasionados del reciclaje, as\u00ed que desviamos muchos objetos. \u00a1Benoit es un manitas incre\u00edble y Sabrina tiene 1000 ideas por hora! Mientras tanto, Anthony aprende de su padre y nos ayuda si su motivaci\u00f3n adolescente entra en acci\u00f3n&#8230; Casi 10 a\u00f1os de trabajo por nuestra cuenta, auto-renovaci\u00f3n, miles de horas de&hellip; <a class=\"more-link\" href=\"https:\/\/www.prieure-carcassonne.fr\/?page_id=856&#038;lang=es\">Poursuivre la lecture <span class=\"screen-reader-text\">Nuestra historia<\/span><\/a><\/p>\n","protected":false},"author":1,"featured_media":0,"parent":0,"menu_order":0,"comment_status":"closed","ping_status":"closed","template":"","meta":[],"_links":{"self":[{"href":"https:\/\/www.prieure-carcassonne.fr\/index.php?rest_route=\/wp\/v2\/pages\/856"}],"collection":[{"href":"https:\/\/www.prieure-carcassonne.fr\/index.php?rest_route=\/wp\/v2\/pages"}],"about":[{"href":"https:\/\/www.prieure-carcassonne.fr\/index.php?rest_route=\/wp\/v2\/types\/page"}],"author":[{"embeddable":true,"href":"https:\/\/www.prieure-carcassonne.fr\/index.php?rest_route=\/wp\/v2\/users\/1"}],"replies":[{"embeddable":true,"href":"https:\/\/www.prieure-carcassonne.fr\/index.php?rest_route=%2Fwp%2Fv2%2Fcomments&post=856"}],"version-history":[{"count":9,"href":"https:\/\/www.prieure-carcassonne.fr\/index.php?rest_route=\/wp\/v2\/pages\/856\/revisions"}],"predecessor-version":[{"id":1110,"href":"https:\/\/www.prieure-carcassonne.fr\/index.php?rest_route=\/wp\/v2\/pages\/856\/revisions\/1110"}],"wp:attachment":[{"href":"https:\/\/www.prieure-carcassonne.fr\/index.php?rest_route=%2Fwp%2Fv2%2Fmedia&parent=856"}],"curies":[{"name":"wp","href":"https:\/\/api.w.org\/{rel}","templated":true}]}}